{"id":2357,"date":"2024-07-29T15:46:42","date_gmt":"2024-07-29T12:46:42","guid":{"rendered":"https:\/\/cerakotepalvelut.fi\/?post_type=product&#038;p=2357"},"modified":"2024-11-04T14:10:25","modified_gmt":"2024-11-04T12:10:25","slug":"alumiiniveneen-pinnoitus","status":"publish","type":"product","link":"https:\/\/cerakotepalvelut.fi\/?product=alumiiniveneen-pinnoitus","title":{"rendered":"Alumiiniveneen pinnoitus"},"content":{"rendered":"<p><strong>Toimintaohjeet<\/strong><\/p>\n<ol>\n<li>Osta palvelu verkkokaupastamme.<\/li>\n<li>Voit lis\u00e4t\u00e4 tilauksen yhteydess\u00e4 mahdolliset tarkennukset ja lis\u00e4tiedot sille varattuun tekstikentt\u00e4\u00e4n. Luemme ne huolella.<\/li>\n<li>Saat vahvistuksen palvelun onnistuneesta ostamisesta s\u00e4hk\u00f6postiisi.<\/li>\n<li>Pese pinnoitettavat kohteet huolellisesti<\/li>\n<li>Toimita veneesi trailerilla osoitteeseen Satamatie 1, 44500 Viitasaari.<\/li>\n<li>Pinnoitamme veneesi ja ilmoitamme valmistumisesta<\/li>\n<li>K\u00e4y antamassa oma arviosi palvelun laadusta verkkokauppaamme<\/li>\n<\/ol>\n","protected":false},"excerpt":{"rendered":"<p><strong>Alumiiniveneen pinnoitus<\/strong><\/p>\n<p>&#8211;Upea ratkaisu alumiiniveneesi pinnoitukseen: Helppohoitoinen, kest\u00e4v\u00e4 ja ymp\u00e4rist\u00f6yst\u00e4v\u00e4llinen!&#8211;<\/p>\n<p>Haluatko pit\u00e4\u00e4 alumiiniveneesi loistavassa kunnossa ilman jatkuvaa huoltovaivaa? Meill\u00e4 on ratkaisu sinulle! Tarjoamme huippulaadukkaan v\u00e4ritt\u00f6m\u00e4n pinnoituksen, joka tekee veneesi yll\u00e4pidosta vaivatonta ja tehokasta samalla, kun se on ekologinen valinta.<\/p>\n<p>Vene pinnoitetaan noin 10cm vesirajan yl\u00e4puolelle<\/p>\n<p>&#8212; Miksi valita meid\u00e4n pinnoitus?<\/p>\n<p>&#8211; Helppohoitoinen: Pinnoituksemme ansiosta n\u00e4kit ja lev\u00e4 eiv\u00e4t tartu veneesi pintaan. Kaikki ep\u00e4puhtaudet irtoavat todella helposti, mik\u00e4 tekee puhdistuksesta nopeaa ja vaivatonta.<br \/>\n&#8211; Pitk\u00e4ik\u00e4inen suoja: V\u00e4rit\u00f6n pinnoitus suojaa veneesi pintaa kulumiselta ja korroosiolta, pit\u00e4en sen uudenveroisena pitk\u00e4\u00e4n.<br \/>\n&#8211; Tehokas lev\u00e4npoisto: Pinnoitus v\u00e4hent\u00e4\u00e4 merkitt\u00e4v\u00e4sti lev\u00e4n kertymist\u00e4, joten voit keskitty\u00e4 nauttimaan vesill\u00e4olosta ilman jatkuvaa puhdistushuolta.<br \/>\n&#8211; Ekologinen valinta: Pinnoitus v\u00e4hent\u00e4\u00e4 haitallisten kemikaalien k\u00e4ytt\u00f6\u00e4, mik\u00e4 suojelee vesist\u00f6j\u00e4 ja ymp\u00e4rist\u00f6\u00e4. V\u00e4hemm\u00e4n lev\u00e4\u00e4 ja likaa tarkoittaa v\u00e4hemm\u00e4n puhdistusaineita ja pesua, mik\u00e4 v\u00e4hent\u00e4\u00e4 ymp\u00e4rist\u00f6n kuormitusta.<br \/>\n&#8211; Polttoainetehokkuus: Sile\u00e4 ja puhdas veneenpinta v\u00e4hent\u00e4\u00e4 veden vastusta, mik\u00e4 pienent\u00e4\u00e4 polttoaineen kulutusta ja v\u00e4hent\u00e4\u00e4 veneesi hiilijalanj\u00e4lke\u00e4.<\/p>\n<p>-Alkuper\u00e4inen ulkon\u00e4k\u00f6: Venett\u00e4 ei hiota, eik\u00e4 primeri\u00e4 tarvita. Pinnoitetta ei edes huomaa.<\/p>\n<p>&#8212; Toimi n\u00e4in:<\/p>\n<p>1. Tilaa verkkokaupasta: Tilaa alumiiniveneesi pinnoitus k\u00e4tev\u00e4sti verkkokaupastamme.<br \/>\n2. Veneen toimitus: Toimita veneesi meille huolellisesti pestyn\u00e4, kaikki ep\u00e4puhtaus jaa pinnoitteen alle n\u00e4kyviin.<br \/>\n3. Huuhtelu ja pinnoitus: Suoritamme huolellisen huuhtelun ja levit\u00e4mme kest\u00e4v\u00e4n ja v\u00e4ritt\u00f6m\u00e4n pinnoitteen veneesi pintaan.<br \/>\n4. Palautus:Voit noutaa veneesi suojattuna ja valmiina vesille!<\/p>\n<p>Valitsemalla meid\u00e4n pinnoituksen et ainoastaan paranna veneesi suorituskyky\u00e4 ja v\u00e4henn\u00e4 huoltovaivaa, vaan teet my\u00f6s ymp\u00e4rist\u00f6yst\u00e4v\u00e4llisen p\u00e4\u00e4t\u00f6ksen. Ekologinen pinnoitteemme on vihre\u00e4 valinta, joka s\u00e4\u00e4st\u00e4\u00e4 luontoa ja kustannuksia.<\/p>\n<p>&#8211;Tilaa nyt ja anna veneellesi paras mahdollinen suoja sek\u00e4 ymp\u00e4rist\u00f6yst\u00e4v\u00e4llinen vaihtoehto!<\/p>\n","protected":false},"featured_media":2372,"comment_status":"open","ping_status":"closed","template":"","meta":[],"product_brand":[],"product_cat":[130,50,134],"product_tag":[],"class_list":{"0":"post-2357","1":"product","2":"type-product","3":"status-publish","4":"has-post-thumbnail","6":"product_cat-kalastus","7":"product_cat-kodin-tuotteet","8":"product_cat-veneily","10":"first","11":"instock","12":"taxable","13":"shipping-taxable","14":"purchasable","15":"product-type-variable"},"jetpack_sharing_enabled":true,"_links":{"self":[{"href":"https:\/\/cerakotepalvelut.fi\/index.php?rest_route=\/wp\/v2\/product\/2357","targetHints":{"allow":["GET"]}}],"collection":[{"href":"https:\/\/cerakotepalvelut.fi\/index.php?rest_route=\/wp\/v2\/product"}],"about":[{"href":"https:\/\/cerakotepalvelut.fi\/index.php?rest_route=\/wp\/v2\/types\/product"}],"replies":[{"embeddable":true,"href":"https:\/\/cerakotepalvelut.fi\/index.php?rest_route=%2Fwp%2Fv2%2Fcomments&post=2357"}],"wp:featuredmedia":[{"embeddable":true,"href":"https:\/\/cerakotepalvelut.fi\/index.php?rest_route=\/wp\/v2\/media\/2372"}],"wp:attachment":[{"href":"https:\/\/cerakotepalvelut.fi\/index.php?rest_route=%2Fwp%2Fv2%2Fmedia&parent=2357"}],"wp:term":[{"taxonomy":"product_brand","embeddable":true,"href":"https:\/\/cerakotepalvelut.fi\/index.php?rest_route=%2Fwp%2Fv2%2Fproduct_brand&post=2357"},{"taxonomy":"product_cat","embeddable":true,"href":"https:\/\/cerakotepalvelut.fi\/index.php?rest_route=%2Fwp%2Fv2%2Fproduct_cat&post=2357"},{"taxonomy":"product_tag","embeddable":true,"href":"https:\/\/cerakotepalvelut.fi\/index.php?rest_route=%2Fwp%2Fv2%2Fproduct_tag&post=2357"}],"curies":[{"name":"wp","href":"https:\/\/api.w.org\/{rel}","templated":true}]}}