{"id":2286,"date":"2024-06-04T08:39:33","date_gmt":"2024-06-04T05:39:33","guid":{"rendered":"https:\/\/cerakotepalvelut.fi\/?post_type=product&#038;p=2286"},"modified":"2025-06-26T19:05:04","modified_gmt":"2025-06-26T16:05:04","slug":"perhokelan-pinnoitus-sis-purku-kasaus","status":"publish","type":"product","link":"https:\/\/cerakotepalvelut.fi\/?product=perhokelan-pinnoitus-sis-purku-kasaus","title":{"rendered":"Perhokelan pinnoitus sis. purku\/kasaus"},"content":{"rendered":"<p><strong>Toimintaohjeet<\/strong><\/p>\n<ol>\n<li>Osta palvelu verkkokaupastamme.<\/li>\n<li>Voit lis\u00e4t\u00e4 tilauksen yhteydess\u00e4 mahdolliset tarkennukset ja lis\u00e4tiedot sille varattuun tekstikentt\u00e4\u00e4n. Luemme ne huolella.<\/li>\n<li>Saat vahvistuksen palvelun onnistuneesta ostamisesta s\u00e4hk\u00f6postiisi.<\/li>\n<li>Pese maalattavat osat huolellisesti<\/li>\n<li>L\u00e4het\u00e4 tuotteet pakattuna osoitteeseen:<br \/>\nCerakote Palvelut Satamatie 1, 44500 Viitasaari.<br \/>\ns\u00e4hk\u00f6postiosoite: myynti@cerakotepalvelut.fi. Rahdin maksajana l\u00e4hett\u00e4j\u00e4.<\/li>\n<li>Noudamme l\u00e4hetyksesi Matkahuollosta ja otamme teht\u00e4v\u00e4n ty\u00f6jonoon. Arvioitu kesto ty\u00f6n valmistumiselle on 21 vrk. Laskien tuotteen saapumisesta meille<\/li>\n<li>Pakkaamme osat ja viemme l\u00e4hetyksen Matkahuoltoon. Paluurahti on maksettu tilauksella. Saat saapumisilmoituksen kun l\u00e4hetys on saapunut l\u00e4himp\u00e4\u00e4n Matkahuollon noutopisteeseesi. <strong>(HUOM. ULKOMAAN TOIMITUKSILLA L\u00c4TETYS EDULLISIMMALLA SHIPITIN VAIHTOEHDOLLA)<\/strong><\/li>\n<li>K\u00e4y antamassa oma arviosi palvelun laadusta verkkokauppaamme<\/li>\n<\/ol>\n","protected":false},"excerpt":{"rendered":"<p>Maailmalla suosioon jo noussut, ja hiukan jo Suomeenkin rantautunut Kelan pinnoitus Cerakotella.<\/p>\n<p>V\u00e4rivaihtoehtoja on reilusti, ja mik\u00e4li allaolevasta valikosta ei mielusaa l\u00f6ydy, niin valitse &#8221;Tilaustuote&#8221; ja kirjoita viestikentt\u00e4\u00e4n haluamasi v\u00e4ri.<\/p>\n<p>Puramme kelan osiin, pinnoitamme ja kasaamme<\/p>\n<p>Perhokelan pinnoitus Cerakotella.<\/p>\n","protected":false},"featured_media":2301,"comment_status":"open","ping_status":"closed","template":"","meta":[],"product_brand":[],"product_cat":[130,50],"product_tag":[],"class_list":{"0":"post-2286","1":"product","2":"type-product","3":"status-publish","4":"has-post-thumbnail","6":"product_cat-kalastus","7":"product_cat-kodin-tuotteet","9":"first","10":"instock","11":"taxable","12":"shipping-taxable","13":"purchasable","14":"product-type-variable","15":"has-default-attributes"},"jetpack_sharing_enabled":true,"_links":{"self":[{"href":"https:\/\/cerakotepalvelut.fi\/index.php?rest_route=\/wp\/v2\/product\/2286","targetHints":{"allow":["GET"]}}],"collection":[{"href":"https:\/\/cerakotepalvelut.fi\/index.php?rest_route=\/wp\/v2\/product"}],"about":[{"href":"https:\/\/cerakotepalvelut.fi\/index.php?rest_route=\/wp\/v2\/types\/product"}],"replies":[{"embeddable":true,"href":"https:\/\/cerakotepalvelut.fi\/index.php?rest_route=%2Fwp%2Fv2%2Fcomments&post=2286"}],"wp:featuredmedia":[{"embeddable":true,"href":"https:\/\/cerakotepalvelut.fi\/index.php?rest_route=\/wp\/v2\/media\/2301"}],"wp:attachment":[{"href":"https:\/\/cerakotepalvelut.fi\/index.php?rest_route=%2Fwp%2Fv2%2Fmedia&parent=2286"}],"wp:term":[{"taxonomy":"product_brand","embeddable":true,"href":"https:\/\/cerakotepalvelut.fi\/index.php?rest_route=%2Fwp%2Fv2%2Fproduct_brand&post=2286"},{"taxonomy":"product_cat","embeddable":true,"href":"https:\/\/cerakotepalvelut.fi\/index.php?rest_route=%2Fwp%2Fv2%2Fproduct_cat&post=2286"},{"taxonomy":"product_tag","embeddable":true,"href":"https:\/\/cerakotepalvelut.fi\/index.php?rest_route=%2Fwp%2Fv2%2Fproduct_tag&post=2286"}],"curies":[{"name":"wp","href":"https:\/\/api.w.org\/{rel}","templated":true}]}}