{"id":2123,"date":"2024-02-01T15:04:27","date_gmt":"2024-02-01T13:04:27","guid":{"rendered":"https:\/\/cerakotepalvelut.fi\/?post_type=product&#038;p=2123"},"modified":"2024-08-26T21:08:51","modified_gmt":"2024-08-26T18:08:51","slug":"cerakote_m5x12","status":"publish","type":"product","link":"https:\/\/cerakotepalvelut.fi\/?product=cerakote_m5x12","title":{"rendered":"Kuusiokoloruuvi M5x12 Cerakote musta 5kpl"},"content":{"rendered":"<p>Toimitetaan 5kpl pusseissa (Hinta per pussi)<\/p>\n<p>Toimitus kirjeen\u00e4 ensisijaisesti.<\/p>\n<p>Toimitus alle viikossa.<\/p>\n<p>Heti varastossa!<\/p>\n","protected":false},"excerpt":{"rendered":"<p>M5x12<\/p>\n<p><strong>Hinta per pussi, sis. toimituksen Varasto pusseina.<\/strong><\/p>\n<p>Kuusiokoloruuvi sinkitty- <strong>CERAKOTE H- musta<\/strong> kanta.<\/p>\n<p>ISO4762\/DIN 912 8.8 ZN<\/p>\n<p>CERAKOTE pinnoitettuja pultit\/ruuvit.<\/p>\n<p>&nbsp;<\/p>\n<p>Mik\u00e4li toiveissa jokin muu koko, niin ota yhteytt\u00e4. Laajennetaan valikoimaa kysynn\u00e4n mukaan. My\u00f6s eri v\u00e4rit kiinnostaa, eli jos toiveena jokin muu v\u00e4ri, niin ota yhteytt\u00e4.<\/p>\n<p>Mitat<\/p>\n<ul>\n<li>Kannan korkeus: 5mm<\/li>\n<li>Kannan halkaisija: 8,5mm<\/li>\n<li>Kirteen pituus: 12mm<\/li>\n<li>Kuusiokolo: 4mm<\/li>\n<li>Koko pituus: 17mm<\/li>\n<\/ul>\n<p>&nbsp;<\/p>\n<p>Toimitetaan 5kpl pusseissa<\/p>\n<p>&nbsp;<\/p>\n","protected":false},"featured_media":2124,"comment_status":"open","ping_status":"closed","template":"","meta":[],"product_brand":[],"product_cat":[51,34,50,93,30],"product_tag":[],"class_list":{"0":"post-2123","1":"product","2":"type-product","3":"status-publish","4":"has-post-thumbnail","6":"product_cat-aseiden-cerakote-pinnoitus","7":"product_cat-autojen-osat","8":"product_cat-kodin-tuotteet","9":"product_cat-moottorikelkan-osat","10":"product_cat-moottoripyoran-osien-pinnoitus","12":"first","13":"instock","14":"virtual","15":"taxable","16":"purchasable","17":"product-type-simple"},"jetpack_sharing_enabled":true,"_links":{"self":[{"href":"https:\/\/cerakotepalvelut.fi\/index.php?rest_route=\/wp\/v2\/product\/2123","targetHints":{"allow":["GET"]}}],"collection":[{"href":"https:\/\/cerakotepalvelut.fi\/index.php?rest_route=\/wp\/v2\/product"}],"about":[{"href":"https:\/\/cerakotepalvelut.fi\/index.php?rest_route=\/wp\/v2\/types\/product"}],"replies":[{"embeddable":true,"href":"https:\/\/cerakotepalvelut.fi\/index.php?rest_route=%2Fwp%2Fv2%2Fcomments&post=2123"}],"wp:featuredmedia":[{"embeddable":true,"href":"https:\/\/cerakotepalvelut.fi\/index.php?rest_route=\/wp\/v2\/media\/2124"}],"wp:attachment":[{"href":"https:\/\/cerakotepalvelut.fi\/index.php?rest_route=%2Fwp%2Fv2%2Fmedia&parent=2123"}],"wp:term":[{"taxonomy":"product_brand","embeddable":true,"href":"https:\/\/cerakotepalvelut.fi\/index.php?rest_route=%2Fwp%2Fv2%2Fproduct_brand&post=2123"},{"taxonomy":"product_cat","embeddable":true,"href":"https:\/\/cerakotepalvelut.fi\/index.php?rest_route=%2Fwp%2Fv2%2Fproduct_cat&post=2123"},{"taxonomy":"product_tag","embeddable":true,"href":"https:\/\/cerakotepalvelut.fi\/index.php?rest_route=%2Fwp%2Fv2%2Fproduct_tag&post=2123"}],"curies":[{"name":"wp","href":"https:\/\/api.w.org\/{rel}","templated":true}]}}