{"id":892,"date":"2023-05-04T02:27:07","date_gmt":"2023-05-03T23:27:07","guid":{"rendered":"https:\/\/cerakotepalvelut.fi\/?page_id=892"},"modified":"2025-06-24T16:24:12","modified_gmt":"2025-06-24T13:24:12","slug":"refund_returns","status":"publish","type":"page","link":"https:\/\/cerakotepalvelut.fi\/?page_id=892","title":{"rendered":"Tilaus, ja sopimusehto"},"content":{"rendered":"\n<ol style=\"list-style-type:1\" class=\"wp-block-list\">\n<li>Tilaaminen: Asiakas voi tilata maalauspalvelun verkkosivustolla t\u00e4ytt\u00e4m\u00e4ll\u00e4 tilauslomakkeen ja noudattamalla kaikkia verkkosivuston ohjeita. Tilaus on sitova tilauksen l\u00e4hett\u00e4misen j\u00e4lkeen.<\/li>\n\n\n\n<li>Maalauspalvelun kuvailu: Verkkosivusto sis\u00e4lt\u00e4\u00e4 yksityiskohtaisen kuvauksen kunkin maalauspalvelun sis\u00e4ll\u00f6st\u00e4 ja laajuudesta. Asiakkaan on tutustuttava kuvaukseen ennen tilauksen l\u00e4hett\u00e4mist\u00e4.<\/li>\n\n\n\n<li>Hinta ja maksu: Maalauspalvelun hinta ilmoitetaan verkkosivustolla, ja se sis\u00e4lt\u00e4\u00e4 kaikki tarvittavat materiaalit ja ty\u00f6n. Maksu suoritetaan tilauksen yhteydess\u00e4, ja verkkosivusto hyv\u00e4ksyy yleisimm\u00e4t maksutavat.<\/li>\n\n\n\n<li>Tilauksen vahvistus: Verkkosivusto vahvistaa tilauksen vastaanoton automaattisesti s\u00e4hk\u00f6postitse. Lis\u00e4ksi verkkosivusto ottaa yhteytt\u00e4 asiakkaaseen, mik\u00e4li on tarvetta lis\u00e4tietojen saamiseksi.<\/li>\n\n\n\n<li>Maalauspalvelu: Verkkosivusto suorittaa maalauspalvelun kuvauksen mukaisesti. Verkkosivusto varaa oikeuden olla suorittamatta palvelua, jos se on teknisesti tai muuten mahdotonta toteuttaa.<\/li>\n\n\n\n<li>Asiakkaan vastuu: Asiakkaan on varmistettava, ett\u00e4 maalattava pinta on puhdas, kuiva ja muuten valmis maalaamista varten. Asiakkaan on my\u00f6s varmistettava, ett\u00e4 maalattava tuote on l\u00e4hes vastaava verkkosivuston tietojen kanssa<\/li>\n\n\n\n<li>Palvelun muutokset ja peruutukset: Asiakas voi peruuttaa tilauksen ennen maalauspalvelun aloittamista. Mik\u00e4li tilaus peruutetaan, asiakas on velvollinen korvaamaan verkkosivustolle syntyneet kulut. Maalauspalvelun aloittamisen j\u00e4lkeen tilauksen peruutus ei ole en\u00e4\u00e4 mahdollista.<\/li>\n\n\n\n<li>Aikataulu: Verkkosivusto pyrkii suorittamaan maalauspalvelun sovitussa aikataulussa. Verkkosivusto ei kuitenkaan vastaa viiv\u00e4styksist\u00e4, jotka johtuvat mist\u00e4tahansa syyst\u00e4. <\/li>\n\n\n\n<li>Takuu Verkkosivusto tarjoaa takuun maalauspalvelulle. Mik\u00e4li asiakas havaitsee virheen maalauksessa, tulee siit\u00e4 ilmoittaa mahdollisimman pian ja viimeist\u00e4\u00e4n kahden viikon kuluessa maalauksen valmistumisesta. Takuu kattaa maalauksen virheet ja puutteet, jotka ovat syntyneet maalausprosessissa. Verkkosivusto korjaa virheet ja puutteet maksutta takuuaikana, ellei toisin ole sovittu. Takuu ei kata virheit\u00e4, jotka ovat syntyneet asiakkaan toimien tai huollon puutteiden vuoksi. Takuu ei my\u00f6sk\u00e4\u00e4n kata normaalia kulumista tai muita normaalin k\u00e4yt\u00f6n aiheuttamia seurauksia.<\/li>\n\n\n\n<li>Asiakas vastaa tilauksen yhteydess\u00e4 toimitusosoitteen oikeellisuudesta ja ajantasaisuudesta. Mik\u00e4li toimitusosoitetta muutetaan tilauksen j\u00e4lkeen, on siit\u00e4 ilmoitettava v\u00e4litt\u00f6m\u00e4sti asiakaspalveluumme <strong>myynti@cerakotepalvelut.fi<\/strong><\/li>\n\n\n\n<li>Toimituksen viiv\u00e4styminen Mik\u00e4li toimitus viiv\u00e4styy, ilmoitamme siit\u00e4 asiakkaalle mahdollisimman pian ja sovimme uuden toimitusajan. Emme vastaa mink\u00e4\u00e4n syyn aiheuttamasta viivastyksest\u00e4<\/li>\n\n\n\n<li>Vastuunrajoitus Emme vastaa v\u00e4lillisist\u00e4 vahingoista tai menetyksist\u00e4, jotka ovat aiheutuneet tuotteen\/palvelun k\u00e4yt\u00f6st\u00e4 tai sen k\u00e4yt\u00f6n estymisest\u00e4. Emme my\u00f6sk\u00e4\u00e4n vastaa virheellisen tai puutteellisen tiedon k\u00e4ytt\u00e4misest\u00e4 aiheutuneista vahingoista.<\/li>\n\n\n\n<li>Sovellettava laki ja riitojen ratkaisu N\u00e4ihin sopimusehtoihin sovelletaan Suomen lakia. Mahdolliset riidat pyrit\u00e4\u00e4n ratkaisemaan ensisijaisesti neuvotteluteitse. <\/li>\n<\/ol>\n\n\n\n<div class=\"wp-block-group alignfull has-background-color has-white-color has-black-background-color has-text-color has-background has-link-color wp-elements-dd792baa2b55a723799d8ee672fc301a is-vertical is-content-justification-stretch is-layout-flex wp-container-core-group-is-layout-47eb2bc5 wp-block-group-is-layout-flex\" style=\"min-height:40vh;margin-top:0;margin-bottom:0;padding-top:var(--wp--preset--spacing--60);padding-right:var(--wp--preset--spacing--40);padding-bottom:var(--wp--preset--spacing--60);padding-left:var(--wp--preset--spacing--40)\">\n<div class=\"wp-block-columns alignwide has-small-font-size is-layout-flex wp-container-core-columns-is-layout-9d6595d7 wp-block-columns-is-layout-flex\">\n<div class=\"wp-block-column is-layout-flow wp-block-column-is-layout-flow\">\n<p class=\"has-text-align-center\">Cerakote Palvelut<\/p>\n\n\n\n<p class=\"has-text-align-center\">Satamatie 1<\/p>\n\n\n\n<p class=\"has-text-align-center\">44500 Viitasaari<\/p>\n\n\n\n<p class=\"has-text-align-center\"><a href=\"http:\/\/www.ceramet.fi\">www.ceramet.fi<\/a><\/p>\n\n\n\n<p class=\"has-text-align-center\"><a href=\"http:\/\/www.cerakotepalvelut.fi\">www.cerakotepalvelut.fi<\/a><\/p>\n\n\n\n<p class=\"has-text-align-center\">myynti@cerakotepalvelut.fi<\/p>\n\n\n\n<p class=\"has-text-align-center\">+358500698873<\/p>\n\n\n\n<div style=\"height:24px\" aria-hidden=\"true\" class=\"wp-block-spacer\"><\/div>\n<\/div>\n\n\n\n<div class=\"wp-block-column is-layout-flow wp-block-column-is-layout-flow\">\n<p class=\"has-text-align-center\">Pages<\/p>\n\n\n<nav class=\"has-small-font-size items-justified-center is-vertical no-wrap wp-block-navigation is-content-justification-center is-nowrap is-layout-flex wp-container-core-navigation-is-layout-685400d0 wp-block-navigation-is-layout-flex\" aria-label=\"(nime\u00e4m\u00e4t\u00f6n)\"><ul class=\"wp-block-navigation__container has-small-font-size items-justified-center is-vertical no-wrap wp-block-navigation has-small-font-size\"><li class=\"has-small-font-size wp-block-navigation-item wp-block-navigation-link\"><a class=\"wp-block-navigation-item__content\"  href=\"https:\/\/cerakotepalvelut.fi\/?page_id=195\"><span class=\"wp-block-navigation-item__label\">Etusivu<\/span><\/a><\/li><li class=\"has-small-font-size wp-block-navigation-item wp-block-navigation-link\"><a class=\"wp-block-navigation-item__content\"  href=\"https:\/\/cerakotepalvelut.fi\/\"><span class=\"wp-block-navigation-item__label\">Verkkokauppa<\/span><\/a><\/li><li class=\"has-small-font-size wp-block-navigation-item wp-block-navigation-link\"><a class=\"wp-block-navigation-item__content\"  href=\"https:\/\/cerakotepalvelut.fi\/?page_id=55\"><span class=\"wp-block-navigation-item__label\">Tietoa toimitustavoista<\/span><\/a><\/li><li class=\"has-small-font-size wp-block-navigation-item wp-block-navigation-link\"><a class=\"wp-block-navigation-item__content\"  href=\"https:\/\/cerakotepalvelut.fi\/?page_id=5\"><span class=\"wp-block-navigation-item__label\">Ostoskori<\/span><\/a><\/li><li class=\"has-small-font-size wp-block-navigation-item wp-block-navigation-link\"><a class=\"wp-block-navigation-item__content\"  href=\"https:\/\/cerakotepalvelut.fi\/?page_id=106\"><span class=\"wp-block-navigation-item__label\">Ota yhteytt\u00e4<\/span><\/a><\/li><\/ul><\/nav>\n\n\n<div style=\"height:24px\" aria-hidden=\"true\" class=\"wp-block-spacer\"><\/div>\n<\/div>\n\n\n\n<div class=\"wp-block-column is-layout-flow wp-block-column-is-layout-flow\">\n<p class=\"has-text-align-center\">Follow us<\/p>\n\n\n\n<div class=\"wp-block-group is-vertical is-content-justification-center is-layout-flex wp-container-core-group-is-layout-bdd043ae wp-block-group-is-layout-flex\">\n<p><a href=\"https:\/\/www.facebook.com\/profile.php?id=100063512200936\">Facbook<\/a><\/p>\n\n\n\n<p><a href=\"https:\/\/www.instagram.com\/ceramet_oy\/?utm_source=ig_embed&amp;hl=fi\">Instagram<\/a><\/p>\n\n\n\n<p><a href=\"https:\/\/cerakotepalvelut.fi\/?page_id=195\">Verkkokauppa<\/a><\/p>\n\n\n\n<p><a href=\"http:\/\/www.ceramet.fi\">Kotisivut<\/a><\/p>\n\n\n\n<p><\/p>\n<\/div>\n\n\n\n<div style=\"height:24px\" aria-hidden=\"true\" class=\"wp-block-spacer\"><\/div>\n<\/div>\n<\/div>\n\n\n\n<div class=\"wp-block-group alignwide is-content-justification-center is-layout-flex wp-container-core-group-is-layout-5590e8cb wp-block-group-is-layout-flex\">\n<p class=\"has-text-align-center has-small-font-size\"> Proudly powered by <a rel=\"nofollow\" href=\"https:\/\/wordpress.org\">WordPress<\/a> <\/p>\n<\/div>\n<\/div>\n","protected":false},"excerpt":{"rendered":"<p>Cerakote Palvelut Satamatie 1 44500 Viitasaari www.ceramet.fi www.cerakotepalvelut.fi myynti@cerakotepalvelut.fi +358500698873 Pages Follow us Facbook Instagram Verkkokauppa Kotisivut Proudly powered by WordPress<\/p>\n","protected":false},"author":3,"featured_media":0,"parent":0,"menu_order":0,"comment_status":"closed","ping_status":"closed","template":"","meta":{"footnotes":""},"class_list":["post-892","page","type-page","status-publish","hentry"],"jetpack_sharing_enabled":true,"_links":{"self":[{"href":"https:\/\/cerakotepalvelut.fi\/index.php?rest_route=\/wp\/v2\/pages\/892","targetHints":{"allow":["GET"]}}],"collection":[{"href":"https:\/\/cerakotepalvelut.fi\/index.php?rest_route=\/wp\/v2\/pages"}],"about":[{"href":"https:\/\/cerakotepalvelut.fi\/index.php?rest_route=\/wp\/v2\/types\/page"}],"author":[{"embeddable":true,"href":"https:\/\/cerakotepalvelut.fi\/index.php?rest_route=\/wp\/v2\/users\/3"}],"replies":[{"embeddable":true,"href":"https:\/\/cerakotepalvelut.fi\/index.php?rest_route=%2Fwp%2Fv2%2Fcomments&post=892"}],"version-history":[{"count":6,"href":"https:\/\/cerakotepalvelut.fi\/index.php?rest_route=\/wp\/v2\/pages\/892\/revisions"}],"predecessor-version":[{"id":2498,"href":"https:\/\/cerakotepalvelut.fi\/index.php?rest_route=\/wp\/v2\/pages\/892\/revisions\/2498"}],"wp:attachment":[{"href":"https:\/\/cerakotepalvelut.fi\/index.php?rest_route=%2Fwp%2Fv2%2Fmedia&parent=892"}],"curies":[{"name":"wp","href":"https:\/\/api.w.org\/{rel}","templated":true}]}}