{"id":1531,"date":"2023-05-02T16:37:54","date_gmt":"2023-05-02T13:37:54","guid":{"rendered":"https:\/\/cerakotepalvelut.fi\/?page_id=1531"},"modified":"2025-05-01T19:25:04","modified_gmt":"2025-05-01T16:25:04","slug":"cerakote-sarjat","status":"publish","type":"page","link":"https:\/\/cerakotepalvelut.fi\/?page_id=1531","title":{"rendered":"Cerakote sarjat"},"content":{"rendered":"\n<p><\/p>\n\n\n\n<p>T\u00e4ss\u00e4 esitell\u00e4\u00e4n yleisell\u00e4 tasolla Cerakoten eri sarjojen ominaisuuksia, Lis\u00e4ksi listaus hyllyss\u00e4 olevia pinnoitteita<\/p>\n\n\n\n<figure class=\"wp-block-table\"><table><tbody><tr><td><a href=\"https:\/\/www.cerakote.com\/shop\/cerakote-coating\/C-102\/graphite-black\">C-102<\/a><\/td><td>Graphite Black<\/td><td>Perus mattamusta, silkkim\u00e4inen<\/td><\/tr><tr><td>C-105<\/td><td>Titanium<\/td><td>Hopea\/Ruskea, aavistuksen karkea pinta<\/td><\/tr><tr><td>C-110<\/td><td>Micro Slick<\/td><td>Voiteleva, harmaa<\/td><\/tr><tr><td>C-111<\/td><td>Tugsten<\/td><td>Harmaa<\/td><\/tr><tr><td>C-124<\/td><td>Satin Nicel<\/td><td>Alumiinin v\u00e4ri, hiukan roskainen olemus<\/td><\/tr><tr><td>C-128<\/td><td>Hunter Orange<\/td><td>Punaiseen taittava Oranssi<\/td><\/tr><tr><td>C-140<\/td><td>Bright White<\/td><td>Valkoinen, peitt\u00e4vyys huono, tuotteisiin hinta kerrointa<\/td><\/tr><tr><td>C-129<\/td><td>Stainless<\/td><td>Uuden valupakosarjan v\u00e4ri<\/td><\/tr><tr><td>C-143<\/td><td>Stop Light Red<\/td><td>Rehellinen punainen<\/td><\/tr><tr><td>C-148<\/td><td>Burnt Bronze<\/td><td>&#8221;Poltettu pronssi&#8221; Vaaleampi kuin H- sarjan vastaava<\/td><\/tr><tr><td>C-163<\/td><td>Lollipop Purple<\/td><td>Perus violetti<\/td><\/tr><tr><td>C-186<\/td><td>Piston Coat<\/td><td>Palotiloissa yleisimmin k\u00e4ytetty pinnoite<\/td><\/tr><tr><td>C-187<\/td><td>Transfer Grey<\/td><td>L\u00e4mp\u00f6 johtava Harmaa<\/td><\/tr><tr><td>C-215<\/td><td>Highland Green<\/td><td>Hieno vihre\u00e4<\/td><\/tr><tr><td>C-232<\/td><td>Magpul O.D. Green<\/td><td>OD vihre\u00e4n tummempi s\u00e4vy<\/td><\/tr><tr><td>C-239<\/td><td>Sniper Grey<\/td><td>Eritt\u00e4in siisti harmaa<\/td><\/tr><tr><td>C-241<\/td><td>O.D. Green<\/td><td>Alkuper\u00e4inen armeijan vihre\u00e4<\/td><\/tr><tr><td>C-267<\/td><td>Magpul FDE<\/td><td>Eritt\u00e4in siisti &#8221;hiekan&#8221; v\u00e4ri. FDE v\u00e4rist\u00e4 tummempi<\/td><\/tr><tr><td>C-7300<\/td><td>Black Velvet<\/td><td>Eritt\u00e4in siisti satiini musta<\/td><\/tr><tr><td>C-7600<\/td><td>Glacier Black<\/td><td>Musta<\/td><\/tr><tr><td>C-7700<\/td><td>Glacier Silver<\/td><td>Hopea, l\u00e4hell\u00e4 vannehopean s\u00e4vy\u00e4<\/td><\/tr><tr><td>C-7800<\/td><td>Glacier Gold<\/td><td>&#8221;Kulta&#8221; jakaa mielipiteit\u00e4<\/td><\/tr><tr><td>C-8100<\/td><td>Glacier Green<\/td><td>Vihre\u00e4<\/td><\/tr><tr><td>E-100<\/td><td>Blackout<\/td><td>L\u00e4hes kiilt\u00e4v\u00e4 musta<\/td><\/tr><tr><td>E-120<\/td><td>Smoke<\/td><td>Tumma harmaa<\/td><\/tr><tr><td>E-140<\/td><td>Jungle<\/td><td>Harmaan vaalea vihre\u00e4<\/td><\/tr><tr><td>E-170<\/td><td>M17 Coyote Tan<\/td><td>Hiekan v\u00e4ri<\/td><\/tr><tr><td>E-190<\/td><td>20150<\/td><td>Hiekan v\u00e4ri<\/td><\/tr><tr><td>E-200<\/td><td>FDE<\/td><td>Eliten FDE<\/td><\/tr><tr><td>E-220<\/td><td>Navy<\/td><td>Hieno harmahtava sininen<\/td><\/tr><tr><td>E-250<\/td><td>Titanium<\/td><td>Valuraudan harmaa<\/td><\/tr><tr><td>E-310<\/td><td>Fire<\/td><td>Hieno punainen<\/td><\/tr><tr><td>H-112<\/td><td>Cobalt<\/td><td>Kimalteleva musta<\/td><\/tr><tr><td>H-122<\/td><td>Gold<\/td><td>Kulta<\/td><\/tr><tr><td>H-128<\/td><td>Hunter Orange<\/td><td>Punaiseen taittava oranssi<\/td><\/tr><tr><td>H-136<\/td><td>Snow White<\/td><td>Lumen valkoinen<\/td><\/tr><tr><td>H-140<\/td><td>Bright White<\/td><td>Valkoinen<\/td><\/tr><tr><td>H-144<\/td><td>Corvette Yellow<\/td><td>Keltainen<\/td><\/tr><tr><td>H-166<\/td><td>Electric Yellow<\/td><td>Keltainen<\/td><\/tr><tr><td>H-167<\/td><td>USMC Red<\/td><td>Hieno punainen<\/td><\/tr><tr><td>H-168<\/td><td>Zombie Green<\/td><td>Vaalea &#8221;neon&#8221; vihre\u00e4<\/td><\/tr><tr><td>H-169<\/td><td>Sky Blue<\/td><td>Sininen<\/td><\/tr><tr><td>H-171<\/td><td>NRA Blue<\/td><td>Sininen<\/td><\/tr><tr><td>H-185<\/td><td>Blue Titanium<\/td><td>Hieno harmaan sininen<\/td><\/tr><tr><td>H-189<\/td><td>Noveske Bazooka Green<\/td><td>Army vihre\u00e4<\/td><\/tr><tr><td>H-190<\/td><td>Armor Black<\/td><td>Yleisin matta musta<\/td><\/tr><tr><td>H-197<\/td><td>Wild Purble<\/td><td>Violetti<\/td><\/tr><tr><td>H-199<\/td><td>Sand<\/td><td>Hiekan v\u00e4ri<\/td><\/tr><tr><td>H-213<\/td><td>Battleship Grey<\/td><td>Harmaa<\/td><\/tr><tr><td>H-214<\/td><td>Bull Shark Grey<\/td><td>Siisti haarmaa<\/td><\/tr><tr><td>H-216<\/td><td>Firehouse Red<\/td><td>Punainen<\/td><\/tr><tr><td>H-219<\/td><td>Gun Metal Grey<\/td><td>&#8221;Harmaa&#8221;<\/td><\/tr><tr><td>H-220<\/td><td>Ridgeway Blue<\/td><td>Sininen<\/td><\/tr><tr><td>H-236<\/td><td>O.D. Green<\/td><td>Army vihre\u00e4<\/td><\/tr><tr><td>H-237<\/td><td>Tungsten<\/td><td>Varmaa<\/td><\/tr><tr><td>H-248<\/td><td>Forest Green<\/td><td>Siisti vaaleanvihre\u00e4<\/td><\/tr><tr><td>H-259<\/td><td>Barrett Bronze<\/td><td>Ruskeaan taittava poltettu pronssi<\/td><\/tr><tr><td>H-265<\/td><td>FDE<\/td><td>Alkuper\u00e4inen FDE &#8221;hiekan&#8221; v\u00e4ri<\/td><\/tr><tr><td>H-267<\/td><td>Magpul FDE<\/td><td>Tummempi  versio FDE v\u00e4rist\u00e4<\/td><\/tr><tr><td>H-269<\/td><td>Barrett Brown<\/td><td>Ruskea joka taittaa hiekkaan<\/td><\/tr><tr><td>H-294<\/td><td>Midnight Bronze<\/td><td>Poltetun pronssin tummempi vaihtoehto<\/td><\/tr><tr><td>H-297<\/td><td>Stromtrooper White<\/td><td> Valkoinen<\/td><\/tr><tr><td>H-300<\/td><td>High Gloss Armor Clear<\/td><td>Kiilt\u00e4v\u00e4 &#8221;lakka&#8221;<\/td><\/tr><tr><td>H-301<\/td><td>Matte Armor Clear<\/td><td>Matta &#8221;lakka&#8221;<\/td><\/tr><tr><td>H-306<\/td><td>Ruby Red<\/td><td>Punainen<\/td><\/tr><tr><td>H-309<\/td><td>Tequila Sunrise<\/td><td>Oranssi<\/td><\/tr><tr><td>H-312<\/td><td>Frost<\/td><td>Valkoisen <\/td><\/tr><tr><td>H-316<\/td><td>Squatch Green<\/td><td>Vihre\u00e4<\/td><\/tr><tr><td>H-329<\/td><td>Blue Rasberry<\/td><td>Sininen pastilli v\u00e4ri<\/td><\/tr><tr><td>H-337<\/td><td>Platinum Grey<\/td><td>Harmaa<\/td><\/tr><tr><td>H-346<\/td><td>Hi-Vis Orange<\/td><td>Huomio Oranssi<\/td><\/tr><tr><td>H-357<\/td><td>Periwinkle<\/td><td>Sininen<\/td><\/tr><tr><td>H-362<\/td><td>Patriot Blue<\/td><td>Sininen<\/td><\/tr><tr><td>H-33446<\/td><td>FS Sabre Sand<\/td><td>Hiekka<\/td><\/tr><tr><td>H-900<\/td><td>Electrical Barrier<\/td><td>Valkoinen S\u00e4hk\u00f6\u00e4 erist\u00e4v\u00e4 pinnoite<\/td><\/tr><tr><td>MC-160<\/td><td>High Gloss Ceramic Clear<\/td><td>Kirkas &#8221;Lakka&#8221;<\/td><\/tr><tr><td>MC-161<\/td><td>Matte Ceramic Clear<\/td><td>Matta &#8221;Lakka&#8221;<\/td><\/tr><tr><td>MC-5100<\/td><td>Clear Aluminium<\/td><td>Kirkas &#8221;Lakka&#8221; Alumiinille<\/td><\/tr><tr><td>LR-100<\/td><td>LR Black<\/td><td>Valoheijastumien ehk\u00e4isyyn<\/td><\/tr><tr><td>V-139<\/td><td>Titanium Red Piston Coat<\/td><td>Palotilojen ja m\u00e4ntien pinnoitukseen<\/td><\/tr><tr><td>V-172<\/td><td>Gold<\/td><td>Kultaisin kulta Cerakotelta<\/td><\/tr><\/tbody><\/table><\/figure>\n\n\n\n<div class=\"wp-block-columns alignwide is-layout-flex wp-container-core-columns-is-layout-829b1d53 wp-block-columns-is-layout-flex\" style=\"margin-bottom:0\">\n<div class=\"wp-block-column has-text-color has-background has-link-color wp-elements-99ea2649a0e79afcc56b4f3a7765bce3 is-layout-flow wp-block-column-is-layout-flow\" style=\"color:#000000;background-color:#ffe97d;padding-top:2em;padding-right:2em;padding-bottom:2em;padding-left:2em\">\n<h2 class=\"wp-block-heading\" id=\"single\" style=\"font-size:40px\"><mark style=\"background-color:rgba(0, 0, 0, 0)\" class=\"has-inline-color has-black-color\">C-sarja<\/mark><\/h2>\n\n\n\n<p class=\"has-black-color has-text-color has-link-color has-normal-font-size wp-elements-cd339e0f7f3b49b3ef706ddb32b6a2fb\" style=\"line-height:1.5\"><strong>C-sarja on huonel\u00e4mm\u00f6ss\u00e4 kuivuva, joten muovien &#8221;sulamisia&#8221; ei tarvitse pel\u00e4t\u00e4. Tuote levitet\u00e4\u00e4n maaliruiskulla, eik\u00e4 tuotteen tarvitse johtaa s\u00e4hk\u00f6\u00e4. C-sarja kest\u00e4\u00e4 V-sarjan tavoin suuria l\u00e4mp\u00f6tiloja. L\u00e4mm\u00f6nkesto &nbsp;120-980 \u00b0C. <\/strong><\/p>\n\n\n\n<hr class=\"wp-block-separator has-text-color has-css-opacity has-background is-style-wide\" style=\"background-color:#000000;color:#000000\"\/>\n\n\n\n<ul class=\"wp-block-list has-normal-font-size\">\n<li>Pakosarjat<\/li>\n\n\n\n<li>Pakoputkistot<\/li>\n\n\n\n<li>Uuniluukut<\/li>\n\n\n\n<li>UV- valolle altistuvat tuotteet<\/li>\n\n\n\n<li>Muoviosat<\/li>\n\n\n\n<li>Puu<\/li>\n\n\n\n<li>Aseiden kuumatosat<\/li>\n\n\n\n<li>Polkupy\u00f6rienosat<\/li>\n\n\n\n<li>Sisustus<\/li>\n\n\n\n<li>3D tulostukset<\/li>\n<\/ul>\n\n\n\n<div class=\"wp-block-buttons is-horizontal is-content-justification-center is-nowrap is-layout-flex wp-container-core-buttons-is-layout-fc65f29c wp-block-buttons-is-layout-flex\">\n<div class=\"wp-block-button has-custom-width wp-block-button__width-100\"><a class=\"wp-block-button__link has-white-color has-text-color has-background no-border-radius wp-element-button\" href=\"https:\/\/www.cerakote.com\/cerakote-industries\/3d-printing\" style=\"background-color:#000000\">3D tulosteista lis\u00e4\u00e4<\/a><\/div>\n<\/div>\n<\/div>\n\n\n\n<div class=\"wp-block-column has-text-color has-background has-link-color wp-elements-af447f75b88a9afef689309c9406fa02 is-layout-flow wp-block-column-is-layout-flow\" style=\"color:#000000;background-color:#d1d1e1;padding-top:2em;padding-right:2em;padding-bottom:2em;padding-left:2em\">\n<h2 class=\"wp-block-heading\" id=\"family\" style=\"font-size:40px\"><mark style=\"background-color:rgba(0, 0, 0, 0)\" class=\"has-inline-color has-black-color\">E-sarja &#8221;Elite&#8221;<\/mark><\/h2>\n\n\n\n<p class=\"has-black-color has-text-color has-link-color has-normal-font-size wp-elements-6b761787a7e901f09fa276960e5b3789\" style=\"line-height:1.5\"><strong>Elite on Cerakoten &#8221;lippulaiva&#8221;. Ainakin jos kest\u00e4vyyteen katsotaan. Kest\u00e4\u00e4 kemikaaleja ja suurin osa Eliten tuotteista noin 250c l\u00e4mp\u00f6\u00e4 v\u00e4ri\u00e4 muuttamatta. Tuote uunitetaan 150c l\u00e4mm\u00f6ss\u00e4, joten kaikille tuotteille t\u00e4m\u00e4 ei sovi. H-sarjasta poiketen, hieman maalimaisempi pinta, ja kiiltoaste korkeampi.<\/strong> <strong>Kitkakerroin l\u00e4hell\u00e4 Teflonin arvoja<\/strong><\/p>\n\n\n\n<hr class=\"wp-block-separator has-css-opacity is-style-wide\"\/>\n\n\n\n<ul class=\"wp-block-list has-normal-font-size\">\n<li>Aseidenosat<\/li>\n\n\n\n<li>Moottoripy\u00f6r\u00e4osat<\/li>\n\n\n\n<li>Autojen osat<\/li>\n\n\n\n<li>Ty\u00f6kalut<\/li>\n\n\n\n<li>Polkupy\u00f6rienosat<\/li>\n\n\n\n<li>Ter\u00e4aseet<\/li>\n<\/ul>\n\n\n\n<div class=\"wp-block-buttons is-horizontal is-content-justification-center is-nowrap is-layout-flex wp-container-core-buttons-is-layout-fc65f29c wp-block-buttons-is-layout-flex\">\n<div class=\"wp-block-button has-custom-width wp-block-button__width-100 is-style-fill\"><a class=\"wp-block-button__link has-white-color has-text-color has-background no-border-radius wp-element-button\" style=\"background-color:#000000\">Py\u00f6rist\u00e4 lis\u00e4\u00e4<\/a><\/div>\n\n\n\n<div class=\"wp-block-button has-custom-width wp-block-button__width-100 is-style-fill\"><a class=\"wp-block-button__link has-white-color has-text-color has-background no-border-radius wp-element-button\" href=\"https:\/\/www.cerakote.com\/cerakote-industries\/oil-and-gas\" style=\"background-color:#000000\">Teollisuus lis\u00e4\u00e4<\/a><\/div>\n<\/div>\n<\/div>\n\n\n\n<div class=\"wp-block-column has-text-color has-background has-link-color wp-elements-a189ce9f6e71129559d1a733082dbc80 is-layout-flow wp-block-column-is-layout-flow\" style=\"color:#000000;background-color:#c0ebf1;padding-top:2em;padding-right:2em;padding-bottom:2em;padding-left:2em\">\n<h2 class=\"wp-block-heading\" id=\"patron\" style=\"font-size:40px\"><strong><mark style=\"background-color:rgba(0, 0, 0, 0)\" class=\"has-inline-color has-black-color\">H-sarja<\/mark><\/strong><\/h2>\n\n\n\n<p class=\"has-black-color has-text-color has-link-color has-normal-font-size wp-elements-d3270ccf10660d0f2ce93365d6a64697\"><strong>H-sarjassa paras varivalikoima, ja suurinosa eritt\u00e4in siistej\u00e4 pinnalleen. Osassa H-sarjan tuotteita kiiltoasteeseen pystyy hiukan vaikuttamaan. H-sarja uunitetaan 150c mutta voidaan my\u00f6s tehd\u00e4 70c l\u00e4mm\u00f6ss\u00e4, mutta silloin uunitus aika on pidempi. Kiinni pysyvyys loistava, ja uv kest\u00e4vyys v\u00e4h\u00e4n niin ja n\u00e4in.. Oikea tuote, kun ulkon\u00e4k\u00f6 ratkaisee (On H-sarjassa my\u00f6s spesiaali tuotteita, kuten&nbsp;<a href=\"https:\/\/www.cerakote.com\/shop\/cerakote-coating\/H-900\/electrical-barrier\" target=\"_blank\" rel=\"noreferrer noopener\">H-900 s\u00e4hk\u00f6\u00e4 erist\u00e4v\u00e4<\/a>&nbsp;pinnoite<\/strong><\/p>\n\n\n\n<hr class=\"wp-block-separator has-css-opacity is-style-wide\"\/>\n\n\n\n<ul class=\"wp-block-list has-normal-font-size\">\n<li>Aseidenosat<\/li>\n\n\n\n<li>Moottoripy\u00f6r\u00e4osat<\/li>\n\n\n\n<li>Polkupy\u00f6rienosat<\/li>\n\n\n\n<li>Sisustus <\/li>\n\n\n\n<li>Autojenosat<\/li>\n\n\n\n<li>Jarrusatulat<\/li>\n\n\n\n<li>3D tulostukset<\/li>\n<\/ul>\n\n\n\n<div class=\"wp-block-buttons is-horizontal is-content-justification-center is-nowrap is-layout-flex wp-container-core-buttons-is-layout-fc65f29c wp-block-buttons-is-layout-flex\">\n<div class=\"wp-block-button has-custom-width wp-block-button__width-100\"><a class=\"wp-block-button__link has-white-color has-text-color has-background no-border-radius wp-element-button\" href=\"https:\/\/www.cerakote.com\/cerakote-industries\/kitchen-and-bath\" style=\"background-color:#000000\">Sisustuksesta lis\u00e4\u00e4<\/a><\/div>\n\n\n\n<div class=\"wp-block-button has-custom-width wp-block-button__width-100\"><a class=\"wp-block-button__link has-white-color has-text-color has-background no-border-radius wp-element-button\" href=\"https:\/\/www.cerakote.com\/cerakote-industries\/microphones-and-audio\" style=\"background-color:#000000\">Audio lis\u00e4\u00e4<\/a><\/div>\n<\/div>\n<\/div>\n<\/div>\n\n\n\n<div class=\"wp-block-columns alignwide is-layout-flex wp-container-core-columns-is-layout-829b1d53 wp-block-columns-is-layout-flex\" style=\"margin-bottom:0\">\n<div class=\"wp-block-column has-text-color has-background has-link-color wp-elements-32405b6b3fc5fad0eac43e302f9e64c8 is-layout-flow wp-block-column-is-layout-flow\" style=\"color:#000000;background-color:#ffe97d;padding-top:2em;padding-right:2em;padding-bottom:2em;padding-left:2em\">\n<h2 class=\"wp-block-heading\" id=\"single\" style=\"font-size:40px\"><mark style=\"background-color:rgba(0, 0, 0, 0)\" class=\"has-inline-color has-black-color\">MC-sarja<\/mark><\/h2>\n\n\n\n<p class=\"has-black-color has-text-color has-link-color has-normal-font-size wp-elements-f916981908b503bc19bfd1e0d9594ae2\" style=\"line-height:1.5\"><strong>Eritt\u00e4in ohuet lasimaiset pinnoitteet joilla on erinomainen suojauskyky. Sopivat vaativien kohteiden suojaamiseen muuttamatta tuotteen ulkon\u00e4k\u00f6\u00e4. Sulkee pinnan ja est\u00e4\u00e4 veden, kemikaalien tai ilmaston aiheuttamat rasitukset. K\u00e4ytet\u00e4\u00e4n my\u00f6s anti-graffiti pinnoitteena est\u00e4m\u00e4\u00e4n t\u00f6hertelyt. Soveltuu kaikille kiinteille alustoille, my\u00f6s maalatuille pinnoille. L\u00e4mm\u00f6nkesto &gt; 100-550 \u00b0C. riippuen pinnoitteesta <\/strong><\/p>\n\n\n\n<hr class=\"wp-block-separator has-text-color has-css-opacity has-background is-style-wide\" style=\"background-color:#000000;color:#000000\"\/>\n\n\n\n<ul class=\"wp-block-list has-normal-font-size\">\n<li>Vanteet<\/li>\n\n\n\n<li>Sisustus<\/li>\n\n\n\n<li>Kiillotetut tuotteet<\/li>\n<\/ul>\n\n\n\n<div class=\"wp-block-buttons is-horizontal is-content-justification-center is-layout-flex wp-container-core-buttons-is-layout-499968f5 wp-block-buttons-is-layout-flex\">\n<div class=\"wp-block-button has-custom-width wp-block-button__width-100\"><a class=\"wp-block-button__link has-white-color has-text-color has-background no-border-radius wp-element-button\" href=\"https:\/\/www.cerakote.com\/resources\/testing\" style=\"background-color:#000000\">Testauksia<\/a><\/div>\n<\/div>\n<\/div>\n\n\n\n<div class=\"wp-block-column has-text-color has-background has-link-color wp-elements-71a33aea955cfeea45b63cea40500f22 is-layout-flow wp-block-column-is-layout-flow\" style=\"color:#000000;background-color:#d1d1e1;padding-top:2em;padding-right:2em;padding-bottom:2em;padding-left:2em\">\n<h2 class=\"wp-block-heading\" id=\"family\" style=\"font-size:40px\"><strong><mark style=\"background-color:rgba(0, 0, 0, 0)\" class=\"has-inline-color has-black-color\">V-sarja<\/mark><\/strong><\/h2>\n\n\n\n<p class=\"has-black-color has-text-color has-link-color has-normal-font-size wp-elements-6c519ab07d2035f5a3f63ce54743bf0a\" style=\"line-height:1.5\"><strong>&#8221;Vee&#8221; sarja kest\u00e4\u00e4 korkeita l\u00e4mp\u00f6tiloja, ja on uunitettava tuote 250c uunitus l\u00e4mm\u00f6n vuoksi ei sovellu kaikille materiaaleille<\/strong>.<\/p>\n\n\n\n<hr class=\"wp-block-separator has-css-opacity is-style-wide\"\/>\n\n\n\n<ul class=\"wp-block-list has-normal-font-size\">\n<li>Pakosarjat<\/li>\n\n\n\n<li>Pakoputkistot<\/li>\n\n\n\n<li>Uuniluukut<\/li>\n\n\n\n<li>UV- valolle altistuvat tuotteet<\/li>\n\n\n\n<li>Aseiden kuumatosat<\/li>\n\n\n\n<li>Polkupy\u00f6rienosat<\/li>\n\n\n\n<li>Sisustus<\/li>\n<\/ul>\n\n\n\n<div class=\"wp-block-buttons is-horizontal is-content-justification-center is-layout-flex wp-container-core-buttons-is-layout-499968f5 wp-block-buttons-is-layout-flex\">\n<div class=\"wp-block-button has-custom-width wp-block-button__width-100 is-style-fill\"><a class=\"wp-block-button__link has-white-color has-text-color has-background no-border-radius wp-element-button\" href=\"https:\/\/www.cerakote.com\/cerakote-industries\/automotive\" style=\"background-color:#000000\">Autot lis\u00e4\u00e4<\/a><\/div>\n<\/div>\n<\/div>\n\n\n\n<div class=\"wp-block-column has-text-color has-background has-link-color wp-elements-fe493c6b9d545c3bd0eca21a3946b381 is-layout-flow wp-block-column-is-layout-flow\" style=\"color:#000000;background-color:#c0ebf1;padding-top:2em;padding-right:2em;padding-bottom:2em;padding-left:2em\">\n<h2 class=\"wp-block-heading\" id=\"patron\" style=\"font-size:40px\"><strong><mark style=\"background-color:rgba(0, 0, 0, 0)\" class=\"has-inline-color has-black-color\">FX-sarja<\/mark><\/strong><\/h2>\n\n\n\n<p class=\"has-black-color has-text-color has-link-color has-normal-font-size wp-elements-1070d83b685bb84078310dcaa1cece02\"><strong>FX-sarja on kimalle joka sekoitetaan H-300 tai H-301 kirkaspinnoitteen sekaan.<\/strong><\/p>\n\n\n\n<hr class=\"wp-block-separator has-css-opacity is-style-wide\"\/>\n\n\n\n<ul class=\"wp-block-list has-normal-font-size\">\n<li>Tavallaan sopii moneen kohteeseen, mutta k\u00e4yt\u00e4nn\u00f6ss\u00e4 ty\u00f6l\u00e4s, sek\u00e4 ei miss\u00e4\u00e4n nimess\u00e4 viimeistellyn n\u00e4k\u00f6inen pinta<\/li>\n<\/ul>\n\n\n\n<div class=\"wp-block-buttons is-horizontal is-content-justification-center is-layout-flex wp-container-core-buttons-is-layout-499968f5 wp-block-buttons-is-layout-flex\">\n<div class=\"wp-block-button has-custom-width wp-block-button__width-100\"><a class=\"wp-block-button__link has-white-color has-text-color has-background no-border-radius wp-element-button\" href=\"https:\/\/www.cerakote.com\/project-gallery?htids=Cerakote%20FX\" style=\"background-color:#000000\">Katso kuvia<\/a><\/div>\n<\/div>\n<\/div>\n<\/div>\n\n\n\n<div class=\"wp-block-group alignfull has-background-color has-white-color has-black-background-color has-text-color has-background has-link-color wp-elements-3317e58274576411e89342d628a199e4 is-vertical is-content-justification-stretch is-layout-flex wp-container-core-group-is-layout-47eb2bc5 wp-block-group-is-layout-flex\" style=\"min-height:40vh;margin-top:0;margin-bottom:0;padding-top:var(--wp--preset--spacing--60);padding-right:var(--wp--preset--spacing--40);padding-bottom:var(--wp--preset--spacing--60);padding-left:var(--wp--preset--spacing--40)\">\n<div class=\"wp-block-columns alignwide has-small-font-size is-layout-flex wp-container-core-columns-is-layout-9d6595d7 wp-block-columns-is-layout-flex\">\n<div class=\"wp-block-column is-layout-flow wp-block-column-is-layout-flow\">\n<p class=\"has-text-align-center\">Cerakote Palvelut<\/p>\n\n\n\n<p class=\"has-text-align-center\">Satamatie 1<\/p>\n\n\n\n<p class=\"has-text-align-center\">44500 Viitasaari<\/p>\n\n\n\n<p class=\"has-text-align-center\"><a href=\"http:\/\/www.ceramet.fi\">www.ceramet.fi<\/a><\/p>\n\n\n\n<p class=\"has-text-align-center\"><a href=\"http:\/\/www.cerakotepalvelut.fi\">www.cerakotepalvelut.fi<\/a><\/p>\n\n\n\n<p class=\"has-text-align-center\">+358500698873<\/p>\n\n\n\n<div style=\"height:24px\" aria-hidden=\"true\" class=\"wp-block-spacer\"><\/div>\n<\/div>\n\n\n\n<div class=\"wp-block-column is-layout-flow wp-block-column-is-layout-flow\">\n<p class=\"has-text-align-center\">Pages<\/p>\n\n\n<nav class=\"has-small-font-size items-justified-center is-vertical no-wrap wp-block-navigation is-content-justification-center is-nowrap is-layout-flex wp-container-core-navigation-is-layout-685400d0 wp-block-navigation-is-layout-flex\" aria-label=\"(nime\u00e4m\u00e4t\u00f6n)\"><ul class=\"wp-block-navigation__container has-small-font-size items-justified-center is-vertical no-wrap wp-block-navigation has-small-font-size\"><li class=\"has-small-font-size wp-block-navigation-item wp-block-navigation-link\"><a class=\"wp-block-navigation-item__content\"  href=\"https:\/\/cerakotepalvelut.fi\/?page_id=195\"><span class=\"wp-block-navigation-item__label\">Etusivu<\/span><\/a><\/li><li class=\"has-small-font-size wp-block-navigation-item wp-block-navigation-link\"><a class=\"wp-block-navigation-item__content\"  href=\"https:\/\/cerakotepalvelut.fi\/\"><span class=\"wp-block-navigation-item__label\">Verkkokauppa<\/span><\/a><\/li><li class=\"has-small-font-size wp-block-navigation-item wp-block-navigation-link\"><a class=\"wp-block-navigation-item__content\"  href=\"https:\/\/cerakotepalvelut.fi\/?page_id=55\"><span class=\"wp-block-navigation-item__label\">Tietoa toimitustavoista<\/span><\/a><\/li><li class=\"has-small-font-size wp-block-navigation-item wp-block-navigation-link\"><a class=\"wp-block-navigation-item__content\"  href=\"https:\/\/cerakotepalvelut.fi\/?page_id=5\"><span class=\"wp-block-navigation-item__label\">Ostoskori<\/span><\/a><\/li><li class=\"has-small-font-size wp-block-navigation-item wp-block-navigation-link\"><a class=\"wp-block-navigation-item__content\"  href=\"https:\/\/cerakotepalvelut.fi\/?page_id=106\"><span class=\"wp-block-navigation-item__label\">Ota yhteytt\u00e4<\/span><\/a><\/li><\/ul><\/nav>\n\n\n<div style=\"height:24px\" aria-hidden=\"true\" class=\"wp-block-spacer\"><\/div>\n<\/div>\n\n\n\n<div class=\"wp-block-column is-layout-flow wp-block-column-is-layout-flow\">\n<p class=\"has-text-align-center\">Follow us<\/p>\n\n\n\n<div class=\"wp-block-group is-vertical is-content-justification-center is-layout-flex wp-container-core-group-is-layout-bdd043ae wp-block-group-is-layout-flex\">\n<p><a href=\"https:\/\/www.facebook.com\/profile.php?id=100063512200936\">Facbook<\/a><\/p>\n\n\n\n<p><a href=\"https:\/\/www.instagram.com\/ceramet_oy\/?utm_source=ig_embed&amp;hl=fi\">Instagram<\/a><\/p>\n\n\n\n<p><a href=\"https:\/\/cerakotepalvelut.fi\/?page_id=195\">Verkkokauppa<\/a><\/p>\n\n\n\n<p><a href=\"http:\/\/www.ceramet.fi\">Kotisivut<\/a><\/p>\n\n\n\n<p><\/p>\n<\/div>\n\n\n\n<div style=\"height:24px\" aria-hidden=\"true\" class=\"wp-block-spacer\"><\/div>\n<\/div>\n<\/div>\n\n\n\n<div class=\"wp-block-group alignwide is-content-justification-center is-layout-flex wp-container-core-group-is-layout-5590e8cb wp-block-group-is-layout-flex\">\n<p class=\"has-text-align-center has-small-font-size\"> Proudly powered by <a rel=\"nofollow\" href=\"https:\/\/wordpress.org\">WordPress<\/a> <\/p>\n<\/div>\n<\/div>\n","protected":false},"excerpt":{"rendered":"<p>T\u00e4ss\u00e4 esitell\u00e4\u00e4n yleisell\u00e4 tasolla Cerakoten eri sarjojen ominaisuuksia, Lis\u00e4ksi listaus hyllyss\u00e4 olevia pinnoitteita C-102 Graphite Black Perus mattamusta, silkkim\u00e4inen C-105 Titanium Hopea\/Ruskea, aavistuksen karkea pinta C-110 Micro Slick Voiteleva, harmaa C-111 Tugsten Harmaa C-124 Satin Nicel Alumiinin v\u00e4ri, hiukan roskainen olemus C-128 Hunter Orange Punaiseen taittava Oranssi C-140 Bright White Valkoinen, peitt\u00e4vyys huono, tuotteisiin hinta [&hellip;]<\/p>\n","protected":false},"author":3,"featured_media":0,"parent":0,"menu_order":0,"comment_status":"closed","ping_status":"closed","template":"","meta":{"footnotes":""},"class_list":["post-1531","page","type-page","status-publish","hentry"],"jetpack_sharing_enabled":true,"_links":{"self":[{"href":"https:\/\/cerakotepalvelut.fi\/index.php?rest_route=\/wp\/v2\/pages\/1531","targetHints":{"allow":["GET"]}}],"collection":[{"href":"https:\/\/cerakotepalvelut.fi\/index.php?rest_route=\/wp\/v2\/pages"}],"about":[{"href":"https:\/\/cerakotepalvelut.fi\/index.php?rest_route=\/wp\/v2\/types\/page"}],"author":[{"embeddable":true,"href":"https:\/\/cerakotepalvelut.fi\/index.php?rest_route=\/wp\/v2\/users\/3"}],"replies":[{"embeddable":true,"href":"https:\/\/cerakotepalvelut.fi\/index.php?rest_route=%2Fwp%2Fv2%2Fcomments&post=1531"}],"version-history":[{"count":45,"href":"https:\/\/cerakotepalvelut.fi\/index.php?rest_route=\/wp\/v2\/pages\/1531\/revisions"}],"predecessor-version":[{"id":2475,"href":"https:\/\/cerakotepalvelut.fi\/index.php?rest_route=\/wp\/v2\/pages\/1531\/revisions\/2475"}],"wp:attachment":[{"href":"https:\/\/cerakotepalvelut.fi\/index.php?rest_route=%2Fwp%2Fv2%2Fmedia&parent=1531"}],"curies":[{"name":"wp","href":"https:\/\/api.w.org\/{rel}","templated":true}]}}